ist the prime factors of (-120 + 2 + 5)/((-42)/7518).
113, 179
Let a be (-3)/(9 + -6) - -1*5. Suppose 5*s + 0*s - 2520 = a*k, -2*s + 1010 = -2*k. List the prime factors of s.
2, 5
Let b(c) be the third derivative of -c**5/60 - 11*c**4/24 + 5*c**3 - 119*c**2. What are the prime factors of b(-8)?
2, 3
Suppose 4*o - 3*y - 42372 + 14077 = 0, -4*o = 5*y - 28255. What are the prime factors of o?
2, 5, 7, 101
Let i(v) = 21*v - 2. Let k(h) be the first derivative of 11*h**2 - h + 7. Let g(a) = -3*i(a) + 2*k(a). What are the prime factors of g(-4)?
2, 5
List the prime factors of 1*(-243)/18*-1490.
3, 5, 149
Let a = -2027 + 8357. What are the prime factors of a?
2, 3, 5, 211
Suppose -19822 = 213*i - 215*i - t, -3*t + 9911 = i. What are the prime factors of i?
11, 17, 53
What are the prime factors of ((-402)/(-18))/(21/7110) - (-6)/(-14)?
7561
Let m = -487 + 496. Let c(a) = -a**3 + 11*a**2 - 8*a + 12. What are the prime factors of c(m)?
2, 3, 17
Let n be (-2)/10*4*-5. Suppose -1186 = n*o - 3302. List the prime factors of o.
23
List the prime factors of -12 - -22*(-23830)/(-20).
7, 19, 197
Suppose 13293 + 14119 = 6*j - 23312. List the prime factors of j.
2, 3, 1409
Let r(f) = -2*f**3 - 5*f - 6. Let h be (-7 - -9) + 3 + 2. Let v(t) = -5*t + 31. Let l be v(h). What are the prime factors of r(l)?
2, 71
Let i(s) = 5*s**2 - s + 50. What are the prime factors of i(-20)?
2, 3, 5, 23
Let f(t) = -204*t + 30 - 4 + 71*t. Let z(u) = -89*u + 17. Let c(y) = -5*f(y) + 7*z(y). What are the prime factors of c(5)?
199
Let d(q) = q**3 + 8*q**2 + 16. Let s(p) be the first derivative of -p**4/4 + 16*p**3/3 + 9*p**2 - 24*p - 15. Let b be s(17). List the prime factors of d(b).
5, 13
Suppose 2*c = 5*r + 30, r = 3*c - 2 + 9. Let t be r/12*-3*1. Suppose -42 = -3*i + t*a, -4*i = 2*a - 93 + 23. List the prime factors of i.
2
Let k(c) = -100*c**3 + c**2 - 2*c - 2. Suppose -5*f = 4*m - 3, -7*f + 2*f + 9 = 2*m. Suppose a = -2*a - f. List the prime factors of k(a).
101
Let n = 4 - 15. Let u(d) = -14*d - 3*d + 4*d - 16 + 3*d**2 + 4*d**2 - 8*d**2. List the prime factors of u(n).
2, 3
Let i be -4 + (4 - (-4 + 5))*-5. What are the prime factors of (i/2)/((-4)/296)?
19, 37
Suppose -60*q = -57*q + 567. Let i be q - 15 - 0/(-2). List the prime factors of (-7)/(21/2)*i.
2, 17
Let b = -120 + 118. Let g be (1 + 0)*(b + 550)/(-4). List the prime factors of g*(-4 - (-8 + 5)).
137
Suppose 0*j - 4*j - 3*f - 180 = 0, 0 = 2*j - 3*f + 108. Let b = 425 + j. Suppose i = -2*d + 4*i + 260, -2*i + b = 3*d. List the prime factors of d.
127
Let x = -171 + 175. What are the prime factors of (6 + (-210)/9)/(x/(-42))?
2, 7, 13
Let m = -297 - -302. Suppose -m*t = -4*c + 2720, -3*c - c - 3*t + 2720 = 0. List the prime factors of c.
2, 5, 17
Suppose 0 = -14*z + 73233 + 48758 - 6141. List the prime factors of z.
5, 331
Suppose -x + 2 = 3*o - 3, -5*x + 58 = 4*o. What are the prime factors of (x/(-8))/((-2)/56)?
7
Let i be (0 - -1)*(5 + -14 - 955). Let n = i - -1354. What are the prime factors of n?
2, 3, 5, 13
Let x = 29314 - 28080. What are the prime factors of x?
2, 617
Let q(l) = -2*l - 19. Let j = 58 + -65. Let c be q(j). List the prime factors of ((-102)/c)/((-9)/(-60)).
2, 17
Let m be (-110)/(-4)*24/(-30). Let p = 20 + m. What are the prime factors of (-14)/(-2) - (-2 - p)?
7
Let s be (-2)/8 + (-5006)/8. Let r = s - -984. What are the prime factors of r?
2, 179
Suppose -7*x = -1 - 20. Suppose 0*s - 4*s = -2*i, -x*i = 0. Suppose s = 5*h - 7*h + 206. What are the prime factors of h?
103
Let r be (1 - (-12)/18)*(-12)/(-10). What are the prime factors of -3 + (r - 1) + 619?
617
Let x be (-5 + 4 + -4)*-1. Suppose 2*h + 121 = x*t - 473, -3*t - h = -352. List the prime factors of t.
2, 59
What are the prime factors of 5284197/486 - 5/6?
2, 3, 151
Suppose 4*d = 5*n - 7*n + 38324, n = 4*d + 19186. Suppose 0*k - 15*k = -n. What are the prime factors of k?
2, 3, 71
Let d = 315 - 315. Let b(n) = 42 - 2*n + 3*n + 4*n. List the prime factors of b(d).
2, 3, 7
Suppose 1688 = -3*y - 5*a, -14*y + 3*a = -10*y + 2299. Let t = y + 913. List the prime factors of t.
2, 3, 19
Let q(k) = -378*k**3 + k**2 - k - 2. Suppose 5*r - 45*p + 44*p + 1 = 0, 3*p = -4*r - 16. What are the prime factors of q(r)?
2, 3, 7
Let q be 2/3*(-51)/2. Let t = q - -239. List the prime factors of t.
2, 3, 37
Suppose -5*g + 29002 = r, -3*r - 3*g = -r - 57955. List the prime factors of r.
83, 349
Let n(b) = -7*b**2 - b + 56. Let h(g) be the first derivative of -g**3/3 - g + 8. Let y(l) = -5*h(l) + n(l). List the prime factors of y(0).
61
Let p(j) = j**3 - 7*j**2 + 7*j + 7. Let c be p(6). Suppose -c = -k - 9, -5*k = -3*g + 925. List the prime factors of g.
3, 5, 7
Suppose -202*s = 8*s - 905940. List the prime factors of s.
2, 3, 719
Let v(t) = t**2 + t. Let o be v(2). Suppose -4*f - w = -199, 2*f + 4*w + 184 = o*f. Suppose 4*m = 3*m + h + f, -h + 53 = m. List the prime factors of m.
3, 17
Suppose -2456*x + 1778112 = -2393*x. What are the prime factors of x?
2, 3, 7
Let h(n) be the first derivative of n**3/3 + 16*n**2 + 109*n - 63. What are the prime factors of h(-32)?
109
Let g = 1957 - 640. List the prime factors of g.
3, 439
Let q(a) = 92*a**2 - 100*a - 279. What are the prime factors of q(-23)?
173, 293
Let a(k) = k**3 - 15*k**2 - 16*k - 3. Let z be a(16). Let v(n) = n**2 + 6*n + 11. Let l be v(z). What are the prime factors of (-2178)/(-90) + l/(-1*10)?
2, 3
Let i be (4/(-2))/(24/21)*4. List the prime factors of (-2 - 125)*(i + 6).
127
Let u be 0/(-1 - (1 + -4)). Let z be (u/1)/(-4 - -3). List the prime factors of 2966/22 + z - (-10)/55.
3, 5
Let r(n) = n + 26. Let p be r(-20). Suppose 0 = f + 3*c - 8, f + c = p*c. Suppose 192 = -0*t + 4*t + 4*d, t - f*d = 30. List the prime factors of t.
3, 5
Let x = -62151 + 105483. What are the prime factors of x?
2, 3, 23, 157
Suppose -3*b = -3*s + s + 5, b = -4*s + 17. Suppose 5*m = 3*j + 4787 - 1227, -3595 = -5*m - s*j. What are the prime factors of m?
5, 11, 13
Let m(u) = -126*u**3 - 18*u**2 - 112*u + 81. List the prime factors of m(-6).
3, 7, 1301
Let s = 15256 - 9945. What are the prime factors of s?
47, 113
Suppose 0*i = 5*i - 1725. Let h = i + -225. Suppose -h = 9*t - 12*t. List the prime factors of t.
2, 5
Let c(j) = 3*j - 24. Let x be c(10). Let m = -11 + x. List the prime factors of m/15*2 - 496/(-6).
2, 41
Let o(c) = 2*c**2 - 15*c + 14. Let z be o(8). Suppose -z*s = -5069 - 2631. What are the prime factors of s?
2, 5, 7
Suppose 58 = 4*s + 2*v, -4*s - 16 + 68 = -4*v. Suppose -11*h - 2883 = -s*h. What are the prime factors of h?
31
Let h be (-82)/(-6) + 2/(-3). Suppose 0 = -h*x + 11*x + 316. Let p = x + -98. List the prime factors of p.
2, 3, 5
Let u(o) = -4*o + 3019. What are the prime factors of u(108)?
13, 199
Let m = 3 + -1. Let c = -17081 - -17085. Suppose -g = m*x - x - 264, -c*x = -g - 1036. List the prime factors of x.
2, 5, 13
Let s(q) = 2*q**2 - 66*q + 942. What are the prime factors of s(-73)?
2, 8209
Let b be (-6 - (3 - 5)) + -61. Let g = b - -117. Suppose 15 = c - g. List the prime factors of c.
67
Suppose -3*m = 2*b - 8*m - 306, b - 153 = 4*m. Let a be b/3*(15 - 5). Suppose -6*n + 780 = -a. What are the prime factors of n?
5, 43
Suppose 5*n = 2*c - 29505, -48*n - 44268 = -3*c - 51*n. List the prime factors of c.
5, 13, 227
Suppose -155*m + 199*m = 237600. List the prime factors of m.
2, 3, 5
Suppose 159 + 146 = 5*p. Suppose -1 = -4*u + 7, 3*x + 4*u + p = 0. Let w(v) = -v**3 - 22*v**2 + 14*v - 35. List the prime factors of w(x).
2, 43
Suppose -11*r + 14259 = -9732. What are the prime factors of r?
3, 727
Let k(r) = 9*r**3 + 5*r + 1. Suppose 5*p - 5*c - 25 = 0, 0*c + 2*c + 13 = 3*p. List the prime factors of k(p).
7, 37
Suppose 10*s + 21 = 13*s. Suppose -1 + 0 = -o, -f - 4*o = -s. Suppose f*i - 190 = -z + 10, i = z + 72. List the prime factors of i.
2, 17
Let a(s) = -s**2 + 15*s - 3. Let h be a(14). Let z = 32 - h. Suppose -2*f + 151 = -z. List the prime factors of f.
2, 43
Let l = 176 + 1357. What are the prime factors of l?
3, 7, 73
Let j(p) be the first derivative of 2*p**3/3 + 13*p**2/2 + 119*p + 44. What are the prime factors of j(0)?
7, 17
Let d be 7/2*(-34 + 32). Let r(h) = -h**3 + 10*h + 9. What are the prime factors of r(d)?
2, 3, 47
Let u be 77/(-14)*(-72)/66. Suppose -2*z - c = -5*z + 1